{"id":3380,"date":"2022-12-19T17:07:19","date_gmt":"2022-12-19T16:07:19","guid":{"rendered":"https:\/\/brotte.com\/?page_id=3380"},"modified":"2023-04-06T16:33:34","modified_gmt":"2023-04-06T14:33:34","slug":"chateau-de-bord","status":"publish","type":"page","link":"https:\/\/brotte.com\/index.php\/chateau-de-bord\/","title":{"rendered":"Ch\u00e2teau de Bord"},"content":{"rendered":"<div class=\"wpb-content-wrapper\"><p>[vc_row][vc_column][vc_empty_space][\/vc_column][\/vc_row][vc_row][vc_column width=&#8221;1\/6&#8243;][\/vc_column][vc_column width=&#8221;2\/3&#8243;]<div id=\"ultimate-heading-861169e464340224e\" class=\"uvc-heading ult-adjust-bottom-margin ultimate-heading-861169e464340224e uvc-3841 accent-border-color\" data-hspacer=\"line_only\"  data-halign=\"left\" style=\"text-align:left\"><div class=\"uvc-main-heading ult-responsive\"  data-ultimate-target='.uvc-heading.ultimate-heading-861169e464340224e h2'  data-responsive-json-new='{\"font-size\":\"mobile_landscape:24px;\",\"line-height\":\"mobile_landscape:34px;\"}' ><h2 style=\"font-weight:bold;color:#ffffff;margin-bottom:15px;\">Ch\u00e2teau de Bord<\/h2><\/div><div class=\"uvc-heading-spacer line_only\" style=\"margin-bottom:30px;height:3px;\"><span class=\"uvc-headings-line\" style=\"border-style:solid;border-bottom-width:3px;border-color:;width:150px;\"><\/span><\/div><\/div>[vc_column_text css=&#8221;.vc_custom_1680791602857{padding-right: 10px !important;padding-bottom: 20px !important;padding-left: 10px !important;}&#8221;]<\/p>\n<p style=\"text-align: justify;\">Datant de l&#8217;\u00e9poque romaine, le vignoble du Ch\u00e2teau de Bord de\u00a0<strong>Laudun<\/strong>\u00a0f\u00fbt la propri\u00e9t\u00e9 des Ev\u00eaques d&#8217;Uz\u00e8s au XI\u00e8me si\u00e8cle, puis du comte de Toulouse avant d&#8217;\u00eatre abandonn\u00e9 pendant la R\u00e9volution Fran\u00e7aise.<\/p>\n<p style=\"text-align: justify;\">Il passa ensuite de propri\u00e9taire en propri\u00e9taire, et f\u00fbt rachet\u00e9 en 1991 par la famille Brotte pour ses\u00a0<strong>sols exceptionnels<\/strong>.\u00a0Les pans d\u2019un ch\u00e2teau m\u00e9di\u00e9val de belle stature surplombent les vignes.<\/p>\n<p style=\"text-align: justify;\">Sur 33 hectares, le Domaine est situ\u00e9 \u00e0 flanc de coteau sur une succession de terrasses parfaitement expos\u00e9es au sud (sols argilo-calcaires bien drain\u00e9s au lieu-dit \u00ab Camp de C\u00e9sar \u00bb). Ces terrasses ont la particularit\u00e9 de rec\u00e9ler un grand nombre de fossiles d&#8217;hu\u00eetres et de coquillages marins.<\/p>\n<p style=\"text-align: justify;\">Notre rendement de 35hl\/ha (40hl\/ha pour l&#8217;appellation) offre une concentration des baies optimale. L&#8217;altitude offre une belle fra\u00eecheur, les sols profonds bien expos\u00e9s permettent, eux, une belle complexit\u00e9 et finesse aux c\u00e9pages rois de cette terre : Grenache et Syrah.<\/p>\n<p style=\"text-align: justify;\">Les sols en culture raisonn\u00e9e sont labour\u00e9s durant l\u2019ann\u00e9e. Les travaux en vert sont s\u00e9v\u00e8res (\u00e9bourgeonnage, effeuillage, taille en vert) pour limiter les rendements et ainsi am\u00e9liorer la qualit\u00e9. La vendange est r\u00e9alis\u00e9e\u00a0 manuellement et transport\u00e9e rapidement en petits contenants pour \u00e9viter le tassement du raisin et son oxydation. On proc\u00e8de alors \u00e0 un \u00e9grappage total, au foulage puis la fermentation est maintenue \u00e0 28\u00b0C et suivie d\u2019une mac\u00e9ration de 3 semaines. Les vins de syrah et grenache, plus taniques, sont \u00e9lev\u00e9s en f\u00fbts de ch\u00eane fran\u00e7ais\u00a0 (1\/3 neuf, 1\/3 un vin, 1\/3 deux vins), les grenaches, plus souples, en cuves b\u00e9ton, amphores et foudres de ch\u00eane centenaires pour conserver le fruit. La mise en bouteille est r\u00e9alis\u00e9e en mars apr\u00e8s plus d\u2019une ann\u00e9e d\u2019\u00e9levage et une l\u00e9g\u00e8re filtration.<\/p>\n<p style=\"text-align: justify;\"><strong>Remarquables\u00a0souplesse et finesse<\/strong>\u00a0distinguent notre cuv\u00e9e.<\/p>\n<p>[\/vc_column_text]<style type=\"text\/css\" data-type=\"the7_shortcodes-inline-css\">.gallery-carousel-shortcode.gallery-carousel-shortcode-id-dbb4b3a11fa635760c05abb0af4be4ef.owl-carousel .owl-nav div {\n  width: 36px;\n  height: 36px;\n  border-radius: 500px;\n}\n.dt-arrow-border-on.gallery-carousel-shortcode.gallery-carousel-shortcode-id-dbb4b3a11fa635760c05abb0af4be4ef.owl-carousel .owl-nav div:not(:hover):before {\n  border-width: 0px;\n}\n.dt-arrow-hover-border-on.gallery-carousel-shortcode.gallery-carousel-shortcode-id-dbb4b3a11fa635760c05abb0af4be4ef.owl-carousel .owl-nav div:hover:after {\n  border-width: 0px;\n}\n.gallery-carousel-shortcode.gallery-carousel-shortcode-id-dbb4b3a11fa635760c05abb0af4be4ef.owl-carousel .owl-nav div.owl-prev {\n  top: 50%;\n  transform: translateY(calc(-50% + 0px));\n  left: -43px;\n}\n@media all and (-ms-high-contrast: none) {\n  .gallery-carousel-shortcode.gallery-carousel-shortcode-id-dbb4b3a11fa635760c05abb0af4be4ef.owl-carousel .owl-nav div.owl-prev {\n    transform: translateY(-50%);\n    margin-top: 0px;\n  }\n}\n.gallery-carousel-shortcode.gallery-carousel-shortcode-id-dbb4b3a11fa635760c05abb0af4be4ef.owl-carousel .owl-nav div.owl-prev i {\n  padding: 0px 0px 0px 0px;\n}\n.gallery-carousel-shortcode.gallery-carousel-shortcode-id-dbb4b3a11fa635760c05abb0af4be4ef.owl-carousel .owl-nav div.owl-next {\n  top: 50%;\n  transform: translateY(calc(-50% + 0px));\n  right: -43px;\n}\n@media all and (-ms-high-contrast: none) {\n  .gallery-carousel-shortcode.gallery-carousel-shortcode-id-dbb4b3a11fa635760c05abb0af4be4ef.owl-carousel .owl-nav div.owl-next {\n    transform: translateY(-50%);\n    margin-top: 0px;\n  }\n}\n.gallery-carousel-shortcode.gallery-carousel-shortcode-id-dbb4b3a11fa635760c05abb0af4be4ef.owl-carousel .owl-nav div.owl-next i {\n  padding: 0px 0px 0px 0px;\n}\n.gallery-carousel-shortcode.gallery-carousel-shortcode-id-dbb4b3a11fa635760c05abb0af4be4ef.owl-carousel .owl-nav i {\n  font-size: 18px;\n}\n.gallery-carousel-shortcode.gallery-carousel-shortcode-id-dbb4b3a11fa635760c05abb0af4be4ef.owl-carousel .owl-nav div:not(:hover) i,\n.gallery-carousel-shortcode.gallery-carousel-shortcode-id-dbb4b3a11fa635760c05abb0af4be4ef.owl-carousel .owl-nav div:not(:hover) i:before {\n  color: #ffffff;\n  background: none;\n}\n.gallery-carousel-shortcode.gallery-carousel-shortcode-id-dbb4b3a11fa635760c05abb0af4be4ef.owl-carousel .owl-nav div:hover i,\n.gallery-carousel-shortcode.gallery-carousel-shortcode-id-dbb4b3a11fa635760c05abb0af4be4ef.owl-carousel .owl-nav div:hover i:before {\n  color: rgba(255,255,255,0.75);\n  background: none;\n}\n.gallery-carousel-shortcode.gallery-carousel-shortcode-id-dbb4b3a11fa635760c05abb0af4be4ef .owl-dots {\n  top: calc(100% + 20px);\n  left: 50%;\n  transform: translateX(calc(-50% + 0px));\n}\n@media all and (-ms-high-contrast: none) {\n  .gallery-carousel-shortcode.gallery-carousel-shortcode-id-dbb4b3a11fa635760c05abb0af4be4ef .owl-dots {\n    transform: translateX(-50%);\n    margin-left: 0px;\n  }\n}\n.gallery-carousel-shortcode.gallery-carousel-shortcode-id-dbb4b3a11fa635760c05abb0af4be4ef .owl-dot {\n  width: 10px;\n  height: 10px;\n  margin: 0 8px;\n}\n@media screen and (max-width: 778px) {\n  .gallery-carousel-shortcode.gallery-carousel-shortcode-id-dbb4b3a11fa635760c05abb0af4be4ef.hide-arrows .owl-nav a {\n    display: none;\n  }\n}\n@media screen and (max-width: 778px) {\n  .gallery-carousel-shortcode.gallery-carousel-shortcode-id-dbb4b3a11fa635760c05abb0af4be4ef.reposition-arrows .owl-nav .owl-prev {\n    top: 50%;\n    transform: translateY(calc(-50% + 0px));\n    left: 10px;\n  }\n  .gallery-carousel-shortcode.gallery-carousel-shortcode-id-dbb4b3a11fa635760c05abb0af4be4ef.reposition-arrows .owl-nav .owl-next {\n    top: 50%;\n    transform: translateY(calc(-50% + 0px));\n    right: 10px;\n  }\n}\n@media screen and (max-width: 778px) and all and (-ms-high-contrast: none) {\n  .gallery-carousel-shortcode.gallery-carousel-shortcode-id-dbb4b3a11fa635760c05abb0af4be4ef.reposition-arrows .owl-nav .owl-prev {\n    transform: translateY(-50%);\n    margin-top: 0px;\n  }\n}\n@media screen and (max-width: 778px) and all and (-ms-high-contrast: none) {\n  .gallery-carousel-shortcode.gallery-carousel-shortcode-id-dbb4b3a11fa635760c05abb0af4be4ef.reposition-arrows .owl-nav .owl-next {\n    transform: translateY(-50%);\n    margin-top: 0px;\n  }\n}\n.gallery-carousel-shortcode.gallery-carousel-shortcode-id-dbb4b3a11fa635760c05abb0af4be4ef figure,\n.gallery-carousel-shortcode.gallery-carousel-shortcode-id-dbb4b3a11fa635760c05abb0af4be4ef .rollover,\n.gallery-carousel-shortcode.gallery-carousel-shortcode-id-dbb4b3a11fa635760c05abb0af4be4ef img,\n.gallery-carousel-shortcode.gallery-carousel-shortcode-id-dbb4b3a11fa635760c05abb0af4be4ef .gallery-rollover {\n  border-radius: 0px;\n}\n.gallery-carousel-shortcode.gallery-carousel-shortcode-id-dbb4b3a11fa635760c05abb0af4be4ef.enable-bg-rollover .gallery-rollover {\n  background: -webkit-linear-gradient();\n  background: linear-gradient();\n}\n.gallery-carousel-shortcode.gallery-carousel-shortcode-id-dbb4b3a11fa635760c05abb0af4be4ef.enable-img-shadow .owl-stage-outer {\n  padding: 14px 0;\n}\n.gallery-carousel-shortcode.gallery-carousel-shortcode-id-dbb4b3a11fa635760c05abb0af4be4ef.enable-bg-rollover.hover-scale figure .rollover:after {\n  background: -webkit-linear-gradient();\n  background: linear-gradient();\n}\n.gallery-carousel-shortcode.gallery-carousel-shortcode-id-dbb4b3a11fa635760c05abb0af4be4ef.gallery-shortcode .gallery-zoom-ico {\n  width: 44px;\n  height: 44px;\n  line-height: 44px;\n  border-radius: 100px;\n  margin: -22px 0 0 -22px;\n  border-width: 0px;\n}\n.dt-icon-bg-on.gallery-carousel-shortcode.gallery-carousel-shortcode-id-dbb4b3a11fa635760c05abb0af4be4ef.gallery-shortcode .gallery-zoom-ico {\n  background: rgba(255,255,255,0.3);\n  box-shadow: none;\n}\n.gallery-carousel-shortcode.gallery-carousel-shortcode-id-dbb4b3a11fa635760c05abb0af4be4ef.gallery-shortcode .gallery-zoom-ico:before,\n.gallery-carousel-shortcode.gallery-carousel-shortcode-id-dbb4b3a11fa635760c05abb0af4be4ef.gallery-shortcode .gallery-zoom-ico span {\n  font-size: 32px;\n  line-height: 44px;\n  color: #ffffff;\n  background: none;\n}\n<\/style><div class=\"owl-carousel gallery-carousel-shortcode gallery-shortcode  dt-gallery-container dt-owl-carousel-call gallery-carousel-shortcode-id-dbb4b3a11fa635760c05abb0af4be4ef quick-scale-img enable-bg-rollover meta-info-off dt-arrow-border-on dt-arrow-hover-border-on bullets-small-dot-stroke reposition-arrows dt-icon-bg-off arrows-bg-on disable-arrows-hover-bg arrows-hover-bg-on  hover-fade \" data-scroll-mode=\"1\" data-col-num=\"6\" data-wide-col-num=\"6\" data-laptop-col=\"5\" data-h-tablet-columns-num=\"4\" data-v-tablet-columns-num=\"3\" data-phone-columns-num=\"1\" data-col-gap=\"10\" data-stage-padding=\"0\" data-speed=\"600\" data-autoplay=\"true\" data-autoplay_speed=\"5000\" data-arrows=\"true\" data-bullet=\"false\" data-next-icon=\"icon-ar-017-r\" data-prev-icon=\"icon-ar-017-l\" data-img-shadow-size=\"12px\" data-img-shadow-spread=\"3px\"><div data-post-id=\"3391\" data-date=\"2022-12-19T17:16:51+01:00\" data-name=\"Ch\u00e2teau de Bord Laudun\"><figure class=\"post\"><a href=\"https:\/\/brotte.com\/wp-content\/uploads\/2022\/12\/laudun-vu-du-ciel.jpg\" class=\"rollover dt-pswp-item layzr-bg\" data-large_image_width=\"2000\" data-large_image_height=\"896\" data-dt-img-description=\"\" title=\"Ch\u00e2teau de Bord Laudun\"><img fetchpriority=\"high\" decoding=\"async\" class=\"preload-me owl-lazy-load aspect\" src=\"data:image\/svg+xml,%3Csvg%20xmlns%3D&#39;http%3A%2F%2Fwww.w3.org%2F2000%2Fsvg&#39;%20viewBox%3D&#39;0%200%20896%20896&#39;%2F%3E\" data-src=\"https:\/\/brotte.com\/wp-content\/uploads\/2022\/12\/laudun-vu-du-ciel-896x896.jpg\" data-srcset=\"https:\/\/brotte.com\/wp-content\/uploads\/2022\/12\/laudun-vu-du-ciel-896x896.jpg 896w\" loading=\"eager\" style=\"--ratio: 896 \/ 896\" sizes=\"(max-width: 896px) 100vw, 896px\" alt=\"\" width=\"896\" height=\"896\"  \/><span class=\"gallery-rollover\"><span class=\"gallery-zoom-ico icomoon-the7-font-the7-zoom-06\"><span><\/span><\/span><\/span><\/a><\/figure><\/div><div data-post-id=\"3389\" data-date=\"2022-12-19T17:13:33+01:00\" data-name=\"Ch\u00e2teau de Bord Laudun\"><figure class=\"post\"><a href=\"https:\/\/brotte.com\/wp-content\/uploads\/2022\/12\/laudun-005.jpg\" class=\"rollover dt-pswp-item layzr-bg\" data-large_image_width=\"2000\" data-large_image_height=\"1328\" data-dt-img-description=\"\" title=\"Ch\u00e2teau de Bord Laudun\"><img decoding=\"async\" class=\"preload-me owl-lazy-load aspect\" src=\"data:image\/svg+xml,%3Csvg%20xmlns%3D&#39;http%3A%2F%2Fwww.w3.org%2F2000%2Fsvg&#39;%20viewBox%3D&#39;0%200%201328%201328&#39;%2F%3E\" data-src=\"https:\/\/brotte.com\/wp-content\/uploads\/2022\/12\/laudun-005-1328x1328.jpg\" data-srcset=\"https:\/\/brotte.com\/wp-content\/uploads\/2022\/12\/laudun-005-1328x1328.jpg 1328w\" loading=\"eager\" style=\"--ratio: 1328 \/ 1328\" sizes=\"(max-width: 1328px) 100vw, 1328px\" alt=\"\" width=\"1328\" height=\"1328\"  \/><span class=\"gallery-rollover\"><span class=\"gallery-zoom-ico icomoon-the7-font-the7-zoom-06\"><span><\/span><\/span><\/span><\/a><\/figure><\/div><div data-post-id=\"3388\" data-date=\"2022-12-19T17:13:32+01:00\" data-name=\"Ch\u00e2teau de Bord Laudun\"><figure class=\"post\"><a href=\"https:\/\/brotte.com\/wp-content\/uploads\/2022\/12\/laudun-004.jpg\" class=\"rollover dt-pswp-item layzr-bg\" data-large_image_width=\"1280\" data-large_image_height=\"782\" data-dt-img-description=\"\" title=\"Ch\u00e2teau de Bord Laudun\"><img decoding=\"async\" class=\"preload-me owl-lazy-load aspect\" src=\"data:image\/svg+xml,%3Csvg%20xmlns%3D&#39;http%3A%2F%2Fwww.w3.org%2F2000%2Fsvg&#39;%20viewBox%3D&#39;0%200%20782%20782&#39;%2F%3E\" data-src=\"https:\/\/brotte.com\/wp-content\/uploads\/2022\/12\/laudun-004-782x782.jpg\" data-srcset=\"https:\/\/brotte.com\/wp-content\/uploads\/2022\/12\/laudun-004-782x782.jpg 782w\" loading=\"eager\" style=\"--ratio: 782 \/ 782\" sizes=\"(max-width: 782px) 100vw, 782px\" alt=\"\" width=\"782\" height=\"782\"  \/><span class=\"gallery-rollover\"><span class=\"gallery-zoom-ico icomoon-the7-font-the7-zoom-06\"><span><\/span><\/span><\/span><\/a><\/figure><\/div><div data-post-id=\"3387\" data-date=\"2022-12-19T17:13:31+01:00\" data-name=\"Ch\u00e2teau de Bord Laudun\"><figure class=\"post\"><a href=\"https:\/\/brotte.com\/wp-content\/uploads\/2022\/12\/laudun-003.jpg\" class=\"rollover dt-pswp-item layzr-bg\" data-large_image_width=\"1280\" data-large_image_height=\"850\" data-dt-img-description=\"\" title=\"Ch\u00e2teau de Bord Laudun\"><img decoding=\"async\" class=\"preload-me owl-lazy-load aspect\" src=\"data:image\/svg+xml,%3Csvg%20xmlns%3D&#39;http%3A%2F%2Fwww.w3.org%2F2000%2Fsvg&#39;%20viewBox%3D&#39;0%200%20850%20850&#39;%2F%3E\" data-src=\"https:\/\/brotte.com\/wp-content\/uploads\/2022\/12\/laudun-003-850x850.jpg\" data-srcset=\"https:\/\/brotte.com\/wp-content\/uploads\/2022\/12\/laudun-003-850x850.jpg 850w\" loading=\"eager\" style=\"--ratio: 850 \/ 850\" sizes=\"(max-width: 850px) 100vw, 850px\" alt=\"\" width=\"850\" height=\"850\"  \/><span class=\"gallery-rollover\"><span class=\"gallery-zoom-ico icomoon-the7-font-the7-zoom-06\"><span><\/span><\/span><\/span><\/a><\/figure><\/div><div data-post-id=\"3386\" data-date=\"2022-12-19T17:13:31+01:00\" data-name=\"Ch\u00e2teau de Bord Laudun\"><figure class=\"post\"><a href=\"https:\/\/brotte.com\/wp-content\/uploads\/2022\/12\/laudun-chato.jpg\" class=\"rollover dt-pswp-item layzr-bg\" data-large_image_width=\"1280\" data-large_image_height=\"850\" data-dt-img-description=\"\" title=\"Ch\u00e2teau de Bord Laudun\"><img decoding=\"async\" class=\"preload-me owl-lazy-load aspect\" src=\"data:image\/svg+xml,%3Csvg%20xmlns%3D&#39;http%3A%2F%2Fwww.w3.org%2F2000%2Fsvg&#39;%20viewBox%3D&#39;0%200%20850%20850&#39;%2F%3E\" data-src=\"https:\/\/brotte.com\/wp-content\/uploads\/2022\/12\/laudun-chato-850x850.jpg\" data-srcset=\"https:\/\/brotte.com\/wp-content\/uploads\/2022\/12\/laudun-chato-850x850.jpg 850w\" loading=\"eager\" style=\"--ratio: 850 \/ 850\" sizes=\"(max-width: 850px) 100vw, 850px\" alt=\"\" width=\"850\" height=\"850\"  \/><span class=\"gallery-rollover\"><span class=\"gallery-zoom-ico icomoon-the7-font-the7-zoom-06\"><span><\/span><\/span><\/span><\/a><\/figure><\/div><div data-post-id=\"3385\" data-date=\"2022-12-19T17:13:28+01:00\" data-name=\"Ch\u00e2teau de Bord Laudun\"><figure class=\"post\"><a href=\"https:\/\/brotte.com\/wp-content\/uploads\/2022\/12\/2.5-Bord-Laudun-Croix-scaled.jpg\" class=\"rollover dt-pswp-item layzr-bg\" data-large_image_width=\"1691\" data-large_image_height=\"2560\" data-dt-img-description=\"\" title=\"Ch\u00e2teau de Bord Laudun\"><img decoding=\"async\" class=\"preload-me owl-lazy-load aspect\" src=\"data:image\/svg+xml,%3Csvg%20xmlns%3D&#39;http%3A%2F%2Fwww.w3.org%2F2000%2Fsvg&#39;%20viewBox%3D&#39;0%200%201691%201691&#39;%2F%3E\" data-src=\"https:\/\/brotte.com\/wp-content\/uploads\/2022\/12\/2.5-Bord-Laudun-Croix-scaled-1691x1691.jpg\" data-srcset=\"https:\/\/brotte.com\/wp-content\/uploads\/2022\/12\/2.5-Bord-Laudun-Croix-scaled-1691x1691.jpg 1691w\" loading=\"eager\" style=\"--ratio: 1691 \/ 1691\" sizes=\"(max-width: 1691px) 100vw, 1691px\" alt=\"\" width=\"1691\" height=\"1691\"  \/><span class=\"gallery-rollover\"><span class=\"gallery-zoom-ico icomoon-the7-font-the7-zoom-06\"><span><\/span><\/span><\/span><\/a><\/figure><\/div><\/div>[\/vc_column][vc_column width=&#8221;1\/6&#8243;][\/vc_column][\/vc_row][vc_row][vc_column][vc_empty_space][\/vc_column][\/vc_row]<\/p>\n<\/div>","protected":false},"excerpt":{"rendered":"<p>[vc_row][vc_column][vc_empty_space][\/vc_column][\/vc_row][vc_row][vc_column width=&#8221;1\/6&#8243;][\/vc_column][vc_column width=&#8221;2\/3&#8243;][vc_column_text css=&#8221;.vc_custom_1680791602857{padding-right: 10px !important;padding-bottom: 20px !important;padding-left: 10px !important;}&#8221;] Datant de l&#8217;\u00e9poque romaine, le vignoble du Ch\u00e2teau de Bord de\u00a0Laudun\u00a0f\u00fbt la propri\u00e9t\u00e9 des Ev\u00eaques d&#8217;Uz\u00e8s au XI\u00e8me si\u00e8cle, puis du comte de Toulouse avant d&#8217;\u00eatre abandonn\u00e9 pendant la R\u00e9volution Fran\u00e7aise. Il passa ensuite de propri\u00e9taire en propri\u00e9taire, et f\u00fbt rachet\u00e9 en 1991 par la&hellip;<\/p>\n","protected":false},"author":1,"featured_media":3391,"parent":0,"menu_order":16,"comment_status":"closed","ping_status":"closed","template":"","meta":{"footnotes":""},"class_list":["post-3380","page","type-page","status-publish","has-post-thumbnail","hentry","description-off"],"lang":"fr","translations":{"fr":3380,"en":52152},"pll_sync_post":[],"_links":{"self":[{"href":"https:\/\/brotte.com\/index.php\/wp-json\/wp\/v2\/pages\/3380","targetHints":{"allow":["GET"]}}],"collection":[{"href":"https:\/\/brotte.com\/index.php\/wp-json\/wp\/v2\/pages"}],"about":[{"href":"https:\/\/brotte.com\/index.php\/wp-json\/wp\/v2\/types\/page"}],"author":[{"embeddable":true,"href":"https:\/\/brotte.com\/index.php\/wp-json\/wp\/v2\/users\/1"}],"replies":[{"embeddable":true,"href":"https:\/\/brotte.com\/index.php\/wp-json\/wp\/v2\/comments?post=3380"}],"version-history":[{"count":8,"href":"https:\/\/brotte.com\/index.php\/wp-json\/wp\/v2\/pages\/3380\/revisions"}],"predecessor-version":[{"id":52367,"href":"https:\/\/brotte.com\/index.php\/wp-json\/wp\/v2\/pages\/3380\/revisions\/52367"}],"wp:featuredmedia":[{"embeddable":true,"href":"https:\/\/brotte.com\/index.php\/wp-json\/wp\/v2\/media\/3391"}],"wp:attachment":[{"href":"https:\/\/brotte.com\/index.php\/wp-json\/wp\/v2\/media?parent=3380"}],"curies":[{"name":"wp","href":"https:\/\/api.w.org\/{rel}","templated":true}]}}